est common divisor of 113544 and 36632.
152
Calculate the highest common factor of 256280 and 21040.
40
Calculate the greatest common factor of 1565653788 and 72.
36
Calculate the greatest common factor of 14567735 and 351.
13
Calculate the greatest common factor of 80678 and 203.
29
What is the highest common divisor of 20508 and 1428?
12
Calculate the highest common factor of 45480020 and 40.
20
Calculate the highest common divisor of 6001566 and 81300.
1626
Calculate the highest common factor of 6649552 and 59696.
1456
What is the highest common divisor of 182959128 and 90?
18
What is the highest common divisor of 1577706 and 67574?
2938
What is the highest common divisor of 30007504 and 202?
202
What is the highest common divisor of 487380827 and 4691?
4691
Calculate the highest common factor of 282 and 9333824.
94
Calculate the highest common factor of 9450 and 6808374.
54
Calculate the greatest common factor of 198 and 59445342.
198
What is the highest common factor of 4611 and 112466901?
4611
What is the greatest common factor of 72295 and 1463?
19
Calculate the highest common divisor of 50760 and 35180.
20
What is the highest common divisor of 10944 and 372552?
456
Calculate the greatest common factor of 14 and 1070713.
7
What is the highest common factor of 1900 and 763754020?
380
Calculate the greatest common factor of 3132565 and 9805.
265
What is the highest common factor of 120 and 731989020?
60
Calculate the greatest common factor of 68 and 22040024.
68
Calculate the highest common divisor of 450 and 6780960.
90
What is the highest common divisor of 239 and 1477552253?
239
Calculate the greatest common factor of 14 and 596162553.
7
What is the greatest common divisor of 615931 and 33031?
1943
Calculate the greatest common factor of 3372209 and 25.
1
What is the highest common divisor of 102674670 and 1470?
210
Calculate the highest common divisor of 13013 and 2408588.
1183
What is the greatest common factor of 60691267 and 91?
91
What is the greatest common divisor of 339849525 and 300?
75
Calculate the highest common divisor of 36 and 35892042.
6
What is the highest common factor of 279 and 26520562?
31
What is the greatest common divisor of 3096 and 69359?
43
Calculate the highest common divisor of 65 and 30645290.
65
Calculate the greatest common divisor of 11069419 and 133.
19
What is the highest common divisor of 637262 and 2006?
34
What is the highest common divisor of 39 and 1153269?
39
What is the highest common factor of 121775 and 132925?
25
What is the greatest common factor of 49253814 and 19?
19
What is the highest common factor of 14420115 and 135?
45
Calculate the greatest common factor of 33990 and 3223770.
330
Calculate the highest common divisor of 63 and 1726010307.
63
Calculate the highest common factor of 1614354 and 1127.
49
Calculate the highest common factor of 4342061 and 3071.
37
Calculate the greatest common divisor of 427875 and 246945.
2445
What is the highest common factor of 572163 and 151017?
2127
Calculate the highest common factor of 128405529 and 6615.
441
Calculate the highest common factor of 6815973 and 86.
43
What is the greatest common divisor of 1194264 and 642528?
6984
What is the highest common factor of 707991584 and 64?
32
What is the greatest common divisor of 1560055808 and 2032?
2032
What is the highest common divisor of 7889526 and 162?
18
Calculate the greatest common factor of 7706243 and 89.
89
What is the greatest common factor of 189224 and 3582236?
868
Calculate the greatest common factor of 109453375 and 500.
125
What is the greatest common divisor of 749584 and 176?
176
Calculate the greatest common factor of 6112046 and 3540.
118
Calculate the greatest common divisor of 27218 and 61938.
62
What is the greatest common divisor of 59592 and 105352?
104
What is the highest common factor of 21103 and 31?
1
Calculate the greatest common factor of 4811634 and 93.
93
What is the highest common divisor of 1166 and 1270588?
22
Calculate the highest common factor of 4853 and 13921780.
211
What is the greatest common factor of 540 and 18218610?
90
Calculate the highest common divisor of 334 and 1485586409.
167
Calculate the highest common factor of 52 and 4865146.
26
Calculate the greatest common factor of 220049 and 434513.
1117
What is the greatest common divisor of 2924 and 22514800?
2924
What is the greatest common divisor of 64 and 10265152?
64
What is the greatest common divisor of 8920474 and 4?
2
Calculate the greatest common factor of 10939783 and 11289.
53
Calculate the greatest common factor of 22432 and 3783998.
1402
What is the highest common divisor of 50739093 and 79?
79
Calculate the highest common factor of 834128 and 13616.
592
What is the highest common factor of 2 and 41958?
2
Calculate the highest common divisor of 1068930 and 1435230.
3330
Calculate the highest common factor of 59695 and 760.
5
What is the highest common factor of 66207022 and 63?
7
What is the highest common factor of 5596190 and 1851?
617
What is the highest common factor of 212569 and 574?
7
What is the highest common factor of 18516 and 91092?
12
Calculate the highest common factor of 41808 and 232624.
1072
What is the greatest common divisor of 8 and 15755720?
8
What is the greatest common divisor of 7786071 and 54?
27
Calculate the highest common divisor of 862535297 and 13.
13
What is the greatest common factor of 213 and 5643861?
213
Calculate the highest common factor of 32 and 10908088.
8
Calculate the greatest common factor of 372 and 11035194.
186
What is the greatest common factor of 2180 and 24078972?
436
Calculate the highest common divisor of 10691023 and 623.
7
What is the highest common divisor of 194 and 3943666?
2
What is the highest common divisor of 4034 and 17013395?
2017
What is the greatest common divisor of 691759919 and 4749?
1583
Calculate the greatest common divisor of 2146250 and 40.
10
What is the greatest common factor of 412 and 435572?
4
Calculate the greatest common factor of 3512528 and 432.
16
What is the greatest common factor of 846 and 3498915?
141
What is the greatest common factor of 411 and 1322227278?
411
Calculate the highest common divisor of 147862 and 235846.
1222
Calculate the greatest common divisor of 11536302 and 42.
6
What is the greatest common factor of 27360 and 22742316?
684
What is the highest common divisor of 114120 and 125260?
20
Calculate the highest common divisor of 16081 and 47021.
13
Calculate the greatest common divisor of 135330 and 4774026.
2082
What is the greatest common divisor of 1469298 and 74621?
1051
What is the highest common divisor of 1353 and 421476?
33
Calculate the highest common factor of 27075 and 4397075.
475
What is the highest common factor of 375 and 265860250?
125
Calculate the greatest common factor of 182736 and 138.
6
What is the greatest common factor of 1329 and 633018?
3
What is the highest common divisor of 7192220 and 80?
20
What is the greatest common divisor of 126943900 and 776?
388
Calculate the highest common factor of 13547 and 187431301.
713
What is the highest common divisor of 91478 and 62858?
106
Calculate the highest common factor of 506 and 1793689799.
253
What is the highest common divisor of 592730 and 635?
5
Calculate the greatest common factor of 440509028 and 344.
172
What is the greatest common factor of 3132 and 428562?
522
What is the greatest common factor of 7935 and 69833175?
345
Calculate the greatest common factor of 864 and 982638.
54
What is the greatest common factor of 1009105955 and 31?
31
Calculate the greatest common factor of 6614 and 438246947.
3307
What is the highest common divisor of 24206342 and 489098?
8018
What is the highest common factor of 390600 and 9270450?
3150
Calculate the greatest common divisor of 52204 and 1404424.
124
Calculate the highest common factor of 1657132455 and 3505.
3505
Calculate the highest common divisor of 221370 and 6110.
470
What is the highest common factor of 1616 and 154577672?
808
Calculate the highest common divisor of 580637 and 9330.
311
What is the highest common divisor of 38820136 and 6348?
2116
Calculate the greatest common factor of 209 and 167792867.
11
Calculate the greatest common factor of 184 and 84528013.
23
Ca